of 3110?
False
Does 114 divide 523?
False
Does 4 divide 566?
False
Is 10 a factor of 21583?
False
Is 16 a factor of 110954?
False
Is 34084 a multiple of 40?
False
Is 17 a factor of 133?
False
Is 58 a factor of 1811?
False
Is 20 a multiple of 12?
False
Is 1260 a multiple of 45?
True
Is 170 a multiple of 5?
True
Is 27 a factor of 1130?
False
Does 61 divide 2496?
False
Does 9 divide 99?
True
Does 18 divide 79884?
True
Does 28 divide 1321?
False
Is 5554 a multiple of 13?
False
Is 7 a factor of 4992?
False
Is 2664 a multiple of 18?
True
Does 12 divide 898?
False
Is 38395 a multiple of 14?
False
Does 4 divide 71?
False
Is 614 a multiple of 23?
False
Is 19994 a multiple of 169?
False
Is 247 even?
False
Is 3 a factor of 163?
False
Is 62 a factor of 434?
True
Is 19836 a multiple of 114?
True
Does 83 divide 29785?
False
Is 93 a factor of 3162?
True
Is 8 a factor of 664?
True
Does 10 divide 829?
False
Is 115 a factor of 2875?
True
Is 340 a multiple of 11?
False
Is 39 a factor of 9266?
False
Does 20 divide 34872?
False
Does 135 divide 972?
False
Is 333 a multiple of 4?
False
Is 5805 a multiple of 9?
True
Does 25 divide 3294?
False
Is 1586 a multiple of 80?
False
Is 13008 a multiple of 48?
True
Does 8 divide 616?
True
Is 21399 a multiple of 11?
False
Is 8340 a multiple of 30?
True
Does 42 divide 1764?
True
Is 1287 a multiple of 11?
True
Does 188 divide 6956?
True
Is 41 a factor of 62921?
False
Does 4 divide 128?
True
Does 25 divide 1197?
False
Does 9 divide 5789?
False
Is 156 a factor of 6872?
False
Is 170 a multiple of 17?
True
Is 40 a factor of 160?
True
Is 32 a multiple of 2?
True
Is 11 a factor of 5049?
True
Is 23 a factor of 34891?
True
Is 14 a factor of 76510?
True
Is 11 a factor of 495?
True
Is 41575 a multiple of 13?
False
Is 27723 a multiple of 5?
False
Does 13 divide 18239?
True
Does 15 divide 441?
False
Is 470 a multiple of 5?
True
Does 32 divide 576?
True
Is 58165 a multiple of 10?
False
Is 51 a factor of 6457?
False
Is 31062 a multiple of 195?
False
Does 21 divide 3906?
True
Is 8 a factor of 14225?
False
Is 31932 a multiple of 238?
False
Does 12 divide 61?
False
Is 165 a multiple of 6?
False
Is 18824 a multiple of 13?
True
Does 14 divide 4061?
False
Is 1951 a multiple of 33?
False
Does 6 divide 804?
True
Is 74 a factor of 4292?
True
Is 51 a factor of 8721?
True
Is 4767 a multiple of 17?
False
Does 91 divide 7467?
False
Is 121 a factor of 106916?
False
Is 6 a factor of 13902?
True
Is 21 a multiple of 7?
True
Does 9 divide 4176?
True
Does 34 divide 1836?
True
Is 18 a factor of 4032?
True
Does 30 divide 201?
False
Is 45 even?
False
Does 49 divide 7154?
True
Is 2742 a multiple of 15?
False
Is 3920 a multiple of 70?
True
Is 83872 a multiple of 16?
True
Does 228 divide 2782?
False
Is 67 a multiple of 36?
False
Does 8 divide 245?
False
Does 32 divide 997?
False
Is 68 a factor of 40875?
False
Does 18 divide 11394?
True
Does 28 divide 5656?
True
Is 161 a multiple of 7?
True
Is 89 a multiple of 5?
False
Does 121 divide 28504?
False
Does 31 divide 10552?
False
Is 4041 a multiple of 4?
False
Is 312 a multiple of 3?
True
Is 19136 a multiple of 92?
True
Is 597 a multiple of 15?
False
Is 1325 a multiple of 6?
False
Is 186 a multiple of 4?
False
Is 65 a factor of 18154?
False
Is 491 a multiple of 3?
False
Does 2 divide 902?
True
Is 2520 a multiple of 55?
False
Is 66 a factor of 1188?
True
Is 37 a factor of 1591?
True
Does 16 divide 2112?
True
Is 990 a multiple of 55?
True
Does 20 divide 3318?
False
Does 100 divide 10400?
True
Is 3976 a multiple of 58?
False
Is 6 a factor of 1626?
True
Is 5971 a multiple of 7?
True
Is 547 even?
False
Is 247 a factor of 20569?
False
Is 514 a multiple of 20?
False
Is 323 a factor of 12708?
False
Is 92553 a multiple of 16?
False
Does 56 divide 76104?
True
Is 20988 a multiple of 36?
True
Does 11 divide 17303?
True
Is 8 a factor of 2608?
True
Is 1178 a multiple of 19?
True
Does 22 divide 286?
True
Does 14 divide 3836?
True
Does 29 divide 460?
False
Does 3 divide 31?
False
Is 12 a factor of 74374?
False
Is 5 a factor of 4940?
True
Is 733 even?
False
Does 10 divide 339?
False
Is 7832 a multiple of 19?
False
Is 4742 a multiple of 10?
False
Is 4 a factor of 401?
False
Is 2098 a multiple of 54?
False
Is 14998 a multiple of 32?
False
Does 22 divide 28578?
True
Does 3 divide 4?
False
Is 427 a multiple of 7?
True
Is 4 a factor of 788?
True
Is 735 a multiple of 5?
True
Is 97749 a multiple of 9?
True
Is 9566 a multiple of 55?
False
Is 3925 a multiple of 21?
False
Does 17 divide 2907?
True
Does 87 divide 22385?
False
Is 904 a multiple of 8?
True
Does 8 divide 696?
True
Is 17018 a multiple of 77?
False
Is 4895 a multiple of 38?
False
Is 150 a multiple of 15?
True
Does 12 divide 21021?
False
Is 87217 a multiple of 185?
False
Is 47 a factor of 1128?
True
Is 1899 a multiple of 2?
False
Does 15 divide 645?
True
Is 352 a multiple of 7?
False
Is 3217 a multiple of 7?
False
Is 16 a factor of 592?
True
Is 108 a factor of 864?
True
Is 408 a multiple of 8?
True
Is 57 a factor of 88?
False
Does 105 divide 5920?
False
Is 1473 even?
False
Does 12 divide 148416?
True
Is 1947 a multiple of 28?
False
Is 4664 a multiple of 53?
True
Is 588 a multiple of 14?
True
Is 14 a factor of 40209?
False
Does 37 divide 3404?
True
Does 31 divide 1240?
True
Does 149 divide 52895?
True
Is 16007 a multiple of 23?
False
Is 18915 a multiple of 65?
True
Does 36 divide 4166?
False
Is 503 a multiple of 17?
False
Is 7607 a multiple of 9?
False
Is 14 a factor of 306?
False
Is 3 a factor of 1197?
True
Is 8576 a multiple of 67?
True
Is 7 a factor of 336?
True
Is 434 a multiple of 14?
True
Is 1320 a multiple of 15?
True
Is 486 a multiple of 27?
True
Does 7 divide 14012?
False
Is 156 a multiple of 156?
True
Is 7 a factor of 3102?
False
Is 126 a factor of 3654?
True
Is 1098 a multiple of 3?
True
Is 628 a multiple of 157?
True
Is 7 a factor of 1617?
True
Is 2293 a multiple of 13?
False
Does 6 divide 804?
True
Does 17 divide 249?
False
Is 521 a multiple of 7?
False
Is 39 a factor of 1443?
True
Is 111 a multiple of 9?
False
Is 56 a factor of 35074?
False
Does 33 divide 1032?
False
Is 558 a multiple of 31?
True
Is 15 a factor of 33997?
False
Does 58 divide 3596?
True
Is 21 a factor of 269?
False
Is 6 a factor of 210?
True
Is 9 a factor of 30753?
True
Does 2 divide 456?
True
Is 12483 a multiple of 73?
True
Is 16 a factor of 259?
False
Does 13 divide 756?
False
Is 15 a factor of 495?
True
Is 9 a factor of 1107?
True
Is 11722 a multiple of 4?
False
Does 138 divide 7826?
False
Is 7980 a multiple of 57?
True
Is 10 a factor of 161678?
False
Is 38274 a multiple of 33?
False
Does 61 divide 1159?
True
Does 31 divide 4464?
True
Is 735 a multiple of 15?
True
Does 155 divide 8568?
False
Does 7 divide 348?
False
Is 9594 a multiple of 26?
True
Is 1716 a multiple of 13?
True
Is 669 a multiple of 6?
False
Does 143 divide 32032?
True
Is 2697 a multiple of 29?
True
Is 6166 a multiple of 23?
False
Is 6 a factor of 378?
True
Is 285 a multiple of 19?
True
Is 58 a factor of 5869?
False
Is 39018 a multiple of 14?
True
Is 5248 a multiple of 70?
False
Is 296 a factor of 42920?
True
Is 56 a factor of 3475?
False
Is 13 a factor of 681?
False
Is 786 a multiple of 6?
True
Is 2304 a multiple of 13?
False
Does 18 divide 486?
True
Is 4633 a multiple of 45?
False
Is 42 even?
True
Is 20 a factor of 240?
True
Is 11 a factor of 1026?
False
Is 6370 a multiple of 11?
False
Does 73 divide 37936?
False
Does 8 divide 1392?
True
Does 23 divide 345?
True
Does 32 divide 10069?
False
Is 14 a factor of 613?
False
Does 16 divide 3189?
False
Does 21 divide 1658?
False
Is 108 a factor of 7877?
False
Is 2979 a multiple of 41?
False
Does 18 divide 37440?
True
Is 16 a factor of 6191?
False
Does 94 divide 20774?
True
Is 2 a factor of 313?
False
Is 106 a factor of 783?
False
Is 32 a factor of 9056?
True
Does 21 divide 8901?
False
Is 176 a factor of 45639?
False
Is 57 a factor of 26005?
False
Is 16 a factor of 3611?
False
Does 34 divide 248?
False
Is 2261 a multiple of 17?
True
Is 4584 a multiple of 6?
True
Is 9 a factor of 15822?
True
Is 51 a multiple of 51?
True
Is 11 a factor of 1078?
True
Is 17 a factor of 646?
True
Does 31 divide 1612?
True
Is 5 a factor of 6166?
False
Is 145 a multiple of 5?
True
Is 48 a factor of 528?
True
Is 17 a fac